 = a - 11, a = 5*x + 258. Let y be 1/(-5) - x/5. What is the greatest common divisor of 2 and y?
2
Let c(z) = -49*z - 230. Let p be c(-23). Calculate the greatest common divisor of p and 69.
69
Let w(f) = f**2 - 1 - 2*f - 2*f**2 + 0. Let s be w(-2). Let i be (-355)/(-10) + s/2. What is the greatest common divisor of 5 and i?
5
Let o be -3 + 78 - 0/2. Let i(n) = -5 - 2*n**3 - 4*n + 1 - n - 4*n**2 + 1. Let r be i(-3). What is the highest common divisor of o and r?
15
Suppose -3*v + 0 - 2 = 5*f, 4*v - 3*f = -22. Let j be 36*(16/v)/(-4). What is the highest common factor of j and 9?
9
Let l(b) = -b. Let x(n) = -7*n - 8. Let d(p) = -2*l(p) + x(p). Let c be d(-12). Calculate the greatest common factor of 13 and c.
13
Let b(o) = -o + 12. Let w be b(13). Let j be 2/7 - w/(14/122). Calculate the greatest common factor of j and 9.
9
Suppose -2*f = -4*q - 1276, 4*f + 9*q - 2516 = 8*q. Suppose f = 3*l - 354. Calculate the highest common divisor of l and 41.
41
Let l be (-192)/(-16) + -4*1. Let h be -1*(-2 - -2) - -12. What is the highest common divisor of l and h?
4
Suppose -84*t = -71*t - 17446. Calculate the greatest common factor of 22 and t.
22
Let d(h) = h**2 + 6*h + 6. Let w be d(-5). Let j be 76 + w - 0/1. Let y = 67 - 60. Calculate the greatest common divisor of y and j.
7
Suppose 2*q + 8 = -32. Let j be (-135)/(-25)*q/(-6). What is the greatest common factor of j and 126?
18
Let n = 50 + -24. Let d = 7 + n. Calculate the highest common divisor of 11 and d.
11
Let o be (32 - 0)*203/14. Let r = -256 + o. Calculate the greatest common divisor of 26 and r.
26
Suppose 0 = 5*o - 10, -2*c + 2*o = 6*o - 62. Calculate the greatest common factor of c and 27.
27
Let p = 133 - 61. Let x be 1125/1350 + 49/6. Calculate the highest common factor of x and p.
9
Let j be 1 + 3 + 4/((-8)/6). Suppose 59 = 3*t - 4*c + 5*c, c = -j. Calculate the highest common factor of 140 and t.
20
Suppose -5*j - 1057 + 375 = -3*r, 3*j = -5*r + 1114. Let c = r - 144. Calculate the highest common divisor of c and 5.
5
Let c = -37 + 362. Calculate the highest common factor of 65 and c.
65
Let p = -140 - -141. Calculate the greatest common divisor of 8 and p.
1
Suppose -3*p + 3*b = -222, -3*p - 4*b = -149 - 38. What is the greatest common factor of 23 and p?
23
Let c be -2*(-4 + (-329)/14). What is the greatest common divisor of 5 and c?
5
Suppose 0*i - 4*k = -2*i, -2*i + 5*k - 1 = 0. Let v be 12/(-18)*-162 - -1*i. Calculate the greatest common factor of v and 10.
10
Let p = -133 - -235. Calculate the highest common factor of p and 6.
6
Let t be -4 + 223/1 - -1. What is the highest common divisor of 20 and t?
20
Let j(t) = 21*t - 161. Let g be j(15). Calculate the greatest common factor of 33 and g.
11
Let r = -37 - -18. Suppose 0 = -2*y + 7*y + 170. Let c = r - y. What is the highest common divisor of 60 and c?
15
Let p(v) = v**2 - 18*v + 23. Let a be p(17). Let k(y) = -y**2 - y + 1. Let b be k(0). What is the greatest common divisor of a and b?
1
Suppose -5*g = -7*g + 66. Suppose -35*w + g*w + 12 = 0. Suppose 0 = -2*s + p + 35, 5*s = -7*p + 3*p + 94. What is the greatest common factor of w and s?
6
Let r = 2845 + -1271. Suppose -265 + r = 11*l. Calculate the highest common divisor of 17 and l.
17
Let q be (-2)/1 - 5 - (-78 - 41). What is the highest common factor of 28 and q?
28
Let h = 499 - 491. Calculate the greatest common factor of h and 568.
8
Let g be 72/60 - (-4)/5. Suppose -3*o = -0*o - 5*p - 63, 0 = g*o - p - 35. Calculate the highest common divisor of 64 and o.
16
Let s = -73 + 84. Let i be 1/(10/994) + (-4)/10. What is the greatest common divisor of i and s?
11
Suppose -4*j + 2*d + 465 = -73, -5*d = -4*j + 529. Calculate the highest common divisor of j and 4.
4
Let w(l) = 38*l**2 - 58*l + 118. Let u be w(2). Calculate the highest common divisor of u and 126.
14
Suppose 0 = -5*l + 5*b + 55, -3*l - 2*b + 62 = 2*l. Suppose 0 = c - 104 + 101. Suppose 2*v = 3*v, -3*v - l = -c*j. What is the highest common factor of 4 and j?
4
Let s be (-1 + 3)/(2/13). Let w = -11 + s. Suppose 4*j - 962 = w*u, j = 5*j + 5*u - 997. What is the highest common factor of j and 27?
27
Let i(r) = 3*r + 16. Let o be i(8). Let l = o + -26. What is the highest common divisor of l and 35?
7
Suppose 3*s - 2*s = 4*r - 6, 0 = s - 2*r - 2. What is the greatest common factor of s and 20?
10
Let d = 1398 + -984. Calculate the highest common factor of 18 and d.
18
Let i = 570 - 282. What is the highest common divisor of i and 36?
36
Let u = 758 + -738. Calculate the greatest common factor of 810 and u.
10
Suppose o + 3*o - 3*p - 14 = 0, -2*p + 9 = o. Calculate the greatest common divisor of o and 1.
1
Let r be (-8 - (-23 + -8)) + (-6)/(-2). Calculate the greatest common divisor of 2 and r.
2
Let s(l) = 27*l**2 - 6*l - 15*l**2 + 9 - 5*l**2. Let h be s(-4). Calculate the highest common factor of 58 and h.
29
Let b(p) = 340*p**2 - 2*p - 1. Let w be b(-1). Calculate the highest common factor of w and 11.
11
Let q be ((-42)/4)/((-2)/20). Suppose -6*x - 10 + 106 = 0. Let b be 15/(4*4/x). What is the highest common factor of b and q?
15
Let z be 4 + 17 + -2 + 2. Calculate the greatest common divisor of 168 and z.
21
Suppose -9*p - p + 20 = 0. Suppose -2*z + 664 = -5*n, p*n + 1626 = 5*z - 2*n. What is the greatest common factor of z and 46?
46
Let l(s) = -s**3 - 6*s**2 - 37*s - 290. Let q be l(-11). What is the highest common divisor of q and 19?
19
Suppose 0 = -u - h - 4*h + 72, 168 = 4*u - 4*h. Let j = u + -19. What is the highest common factor of 28 and j?
28
Suppose 4*d + 241 = 3*k, 0 = 5*k + 3*d - 132 - 231. Calculate the highest common divisor of k and 225.
75
Suppose -115 + 437 = 2*l. Suppose 0*k = -2*k. Suppose -124 = -5*z - 3*c, 2*c + k*c - 121 = -5*z. What is the greatest common factor of l and z?
23
Let l be 214/6 - (-20)/(-15)*-1. Calculate the highest common divisor of l and 37.
37
Let q(h) = -h - 39. Let x(w) = -2*w - 77. Let d(y) = 11*q(y) - 6*x(y). Let f be d(-17). What is the highest common divisor of 80 and f?
16
Let k(c) = 3*c - 3. Let i be k(3). Suppose 14*a - 1152 = i*a. Calculate the highest common factor of a and 16.
16
Let k = 13 - 1. Let l(r) = 96*r**2 - 33*r - 33. Let w be l(-1). Calculate the greatest common divisor of w and k.
12
Let s = -81 - -118. Let j be (-148)/(34/51*(-6)/8). What is the greatest common factor of j and s?
37
Let p be (-1332)/(-66) + (-22)/121. Suppose 5*g + 7 - 32 = 0, 0 = -4*i - 2*g + 110. Calculate the greatest common factor of i and p.
5
Let d(r) = r**2 - 4*r + 1. Let u be d(6). Suppose -3*f = -2*f - 42. Let h = u + f. What is the highest common divisor of 22 and h?
11
Let h(j) = 2*j - 6. Let d be h(16). Calculate the highest common factor of 286 and d.
26
Let k = -422 + 550. Calculate the highest common factor of k and 4.
4
Let d(c) = -2*c + 6. Let r be d(-4). Let u = 4 + -1. Let q be 28/u*(-15)/(-10). What is the greatest common divisor of r and q?
14
Suppose -5*v = b - 26, -2*v = -2*b - 0*b + 4. Suppose -2*r = -6, 9*p + 3*r - 24 = 4*p. What is the greatest common divisor of b and p?
3
Let b(o) = 5*o + 3 + 14 - 4*o + 0. Let r be b(7). Suppose q - 2*q + 6 = 0. Calculate the highest common factor of q and r.
6
Let o be (1 + 996/(-36))*(-84)/10. Calculate the highest common factor of 56 and o.
56
Suppose 9*q - 271 = 6*q - 2*v, -2*q + 2*v + 194 = 0. Let a be (-6)/(-8) - 466/(-8). Let s = a - -3. Calculate the greatest common factor of s and q.
31
Suppose -3*u - 5 = 2*y, 3*y + 1 = -2. Let b = u - -29. Suppose -2*r = r + 2*t - 25, 0 = -4*t + 8. What is the highest common factor of r and b?
7
Suppose -3*h - 1 = 4*i, 2*i + 2*h = -2*i + 2. Let s be (-1 - -2) + 0/i. Let a be (-2)/(-1)*24/(-6)*-1. What is the greatest common factor of a and s?
1
Suppose 3*z = 35 + 100. Let k(o) = o + 10. Let x be k(-6). Suppose 7*n - x*n - z = 0. Calculate the highest common factor of n and 120.
15
Let x = -111 - -133. What is the greatest common divisor of x and 6?
2
Let y = -47 + 61. Calculate the greatest common divisor of 10 and y.
2
Let q(t) = -113*t - 17. Let u be q(-3). What is the greatest common factor of 14 and u?
14
Let d(y) be the third derivative of -37*y**6/40 + y**5/30 - y**3/6 + 2*y**2. Let w be d(-1). What is the greatest common factor of w and 16?
16
Let m = 1913 + -191